76
Calculate the remainder when 39560 is divided by 3590.
70
Calculate the remainder when 9410 is divided by 39.
11
Calculate the remainder when 659 is divided by 649.
10
What is the remainder when 32330 is divided by 548?
546
What is the remainder when 345 is divided by 55?
15
What is the remainder when 29516 is divided by 18?
14
Calculate the remainder when 2232 is divided by 586.
474
Calculate the remainder when 3398 is divided by 236.
94
What is the remainder when 5454 is divided by 44?
42
Calculate the remainder when 954 is divided by 947.
7
What is the remainder when 10277 is divided by 287?
232
Calculate the remainder when 560 is divided by 185.
5
What is the remainder when 538363 is divided by 21?
7
What is the remainder when 2681255 is divided by 17?
15
Calculate the remainder when 468 is divided by 135.
63
What is the remainder when 115363 is divided by 2884?
3
What is the remainder when 21175 is divided by 311?
27
What is the remainder when 1979 is divided by 74?
55
What is the remainder when 292463 is divided by 94?
29
Calculate the remainder when 8419 is divided by 8.
3
What is the remainder when 2355 is divided by 301?
248
Calculate the remainder when 6033 is divided by 412.
265
Calculate the remainder when 35282 is divided by 17641.
0
What is the remainder when 141826 is divided by 159?
157
What is the remainder when 253066 is divided by 137?
27
What is the remainder when 29333 is divided by 110?
73
What is the remainder when 15131 is divided by 29?
22
Calculate the remainder when 1874 is divided by 1860.
14
What is the remainder when 26144 is divided by 6?
2
Calculate the remainder when 1143534 is divided by 23.
20
Calculate the remainder when 16602 is divided by 272.
10
What is the remainder when 7438 is divided by 34?
26
Calculate the remainder when 7334 is divided by 80.
54
What is the remainder when 5764 is divided by 398?
192
Calculate the remainder when 231195 is divided by 32.
27
What is the remainder when 35920 is divided by 8978?
8
Calculate the remainder when 502725 is divided by 109.
17
Calculate the remainder when 44219 is divided by 882.
119
What is the remainder when 108758 is divided by 12083?
11
Calculate the remainder when 212328 is divided by 1046.
1036
What is the remainder when 40001 is divided by 5?
1
What is the remainder when 81448 is divided by 48?
40
What is the remainder when 1406 is divided by 151?
47
Calculate the remainder when 1117 is divided by 556.
5
What is the remainder when 30177 is divided by 339?
6
Calculate the remainder when 442388 is divided by 4.
0
Calculate the remainder when 699 is divided by 184.
147
Calculate the remainder when 1452 is divided by 261.
147
Calculate the remainder when 8758 is divided by 348.
58
What is the remainder when 201752 is divided by 29?
28
Calculate the remainder when 57406 is divided by 57403.
3
Calculate the remainder when 916237 is divided by 65.
62
What is the remainder when 28958 is divided by 1034?
6
Calculate the remainder when 1325 is divided by 325.
25
What is the remainder when 227252 is divided by 43?
40
What is the remainder when 4905 is divided by 281?
128
What is the remainder when 2974 is divided by 133?
48
Calculate the remainder when 40866 is divided by 3142.
20
Calculate the remainder when 73900 is divided by 14772.
40
Calculate the remainder when 3988762 is divided by 1894.
1892
What is the remainder when 1101939 is divided by 9?
6
Calculate the remainder when 217632 is divided by 108807.
18
What is the remainder when 9275 is divided by 9077?
198
What is the remainder when 357 is divided by 71?
2
What is the remainder when 9071 is divided by 413?
398
Calculate the remainder when 174169 is divided by 154.
149
What is the remainder when 31115 is divided by 181?
164
What is the remainder when 4982 is divided by 69?
14
Calculate the remainder when 50554 is divided by 1263.
34
What is the remainder when 941 is divided by 313?
2
Calculate the remainder when 43061 is divided by 21524.
13
Calculate the remainder when 108943 is divided by 28.
23
Calculate the remainder when 3982 is divided by 30.
22
What is the remainder when 2765 is divided by 2681?
84
What is the remainder when 31685 is divided by 68?
65
Calculate the remainder when 5545 is divided by 713.
554
Calculate the remainder when 37967 is divided by 7591.
12
What is the remainder when 4494 is divided by 3044?
1450
Calculate the remainder when 74277 is divided by 40.
37
What is the remainder when 7227 is divided by 233?
4
What is the remainder when 478893 is divided by 176?
173
Calculate the remainder when 2265 is divided by 48.
9
Calculate the remainder when 10288 is divided by 596.
156
Calculate the remainder when 161005 is divided by 22.
9
What is the remainder when 208647 is divided by 414?
405
What is the remainder when 31938 is divided by 181?
82
Calculate the remainder when 55 is divided by 28.
27
Calculate the remainder when 471 is divided by 63.
30
What is the remainder when 64316 is divided by 60?
56
What is the remainder when 6565 is divided by 6382?
183
Calculate the remainder when 134618 is divided by 79.
2
Calculate the remainder when 3399789 is divided by 11.
8
Calculate the remainder when 8900825 is divided by 187.
186
What is the remainder when 59729 is divided by 53?
51
Calculate the remainder when 2896 is divided by 320.
16
Calculate the remainder when 59451 is divided by 178.
177
Calculate the remainder when 195557 is divided by 4.
1
Calculate the remainder when 86921 is divided by 600.
521
Calculate the remainder when 6564 is divided by 813.
60
Calculate the remainder when 49287 is divided by 23.
21
Calculate the remainder when 180729 is divided by 750.
729
Calculate the remainder when 26327 is divided by 42.
35
Calculate the remainder when 14519 is divided by 855.
839
What is the remainder when 32092 is divided by 261?
250
Calculate the remainder when 49568 is divided by 812.
36
What is the remainder when 593735 is divided by 43?
34
Calculate the remainder when 8208 is divided by 1434.
1038
What is the remainder when 9129 is divided by 10?
9
Calculate the remainder when 65887 is divided by 7319.
16
What is the remainder when 36691 is divided by 18334?
23
What is the remainder when 13223 is divided by 2?
1
Calculate the remainder when 7816 is divided by 5435.
2381
Calculate the remainder when 4208 is divided by 2102.
4
Calculate the remainder when 8605 is divided by 31.
18
Calculate the remainder when 27103 is divided by 6760.
63
What is the remainder when 61629 is divided by 288?
285
What is the remainder when 1708 is divided by 40?
28
Calculate the remainder when 5906 is divided by 327.
20
What is the remainder when 1312 is divided by 53?
40
What is the remainder when 40338 is divided by 123?
117
Calculate the remainder when 578 is divided by 271.
36
Calculate the remainder when 128876 is divided by 180.
176
What is the remainder when 5518 is divided by 1829?
31
Calculate the remainder when 82332 is divided by 4574.
0
Calculate the remainder when 110 is divided by 1.
0
What is the remainder when 55953 is divided by 55817?
136
What is the remainder when 110308 is divided by 5014?
0
What is the remainder when 78351 is divided by 11?
9
Calculate the remainder when 89768 is divided by 29703.
659
What is the remainder when 5625 is divided by 22?
15
Calculate the remainder when 211198 is divided by 352.
350
What is the remainder when 1455446 is divided by 286?
278
What is the remainder when 1240 is divided by 37?
19
Calculate the remainder when 31976 is divided by 153.
152
What is the remainder when 1399014 is divided by 755?
754
Calculate the remainder when 140937 is divided by 7.
6
What is the remainder when 14827 is divided by 4907?
106
What is the remainder when 5947 is divided by 848?
11
Calculate the remainder when 166021 is divided by 24.
13
Calculate the remainder when 1452 is divided by 394.
270
Calculate the remainder when 685741 is divided by 3.
1
What is the remainder when 226 is divided by 29?
23
What is the remainder when 12179 is divided by 116?
115
What is the remainder when 147902 is divided by 277?
261
What is the remainder when 126550 is divided by 3330?
10
Calculate the remainder when 8977 is divided by 9.
4
What is the remainder when 113667 is div